x - 2*y**2 + y**2. Determine b(0).
11
Let d(v) be the second derivative of v**3/3 - 3*v**2 + 15*v. Determine d(7).
8
Let c(o) = o**3 - 6*o**2 + 4*o - 3. Let n be 48/26 - (-8)/52. Calculate c(n).
-11
Let w be 8*(-1)/(-4)*2. Let v = w - 8. Let g(r) = 2*r - 1 - 1 + 6. Calculate g(v).
-4
Let d(m) = -4*m + 8*m - 6 - 5*m - m**2 + 10*m. What is d(7)?
8
Let d(w) be the first derivative of w**3/3 - 3*w + 1. Let y be (4/(-8))/1 - 5/(-10). Calculate d(y).
-3
Suppose -3*k + 10 = o, -3*k + k = -o. Let h(y) = -y + 0*y**3 + y**2 - 1 - k*y**3 + 3*y. Suppose -7*s + 2*s = -10. Give h(s).
-9
Let l(u) be the first derivative of 1 - 6*u**2 + 0 + u - 2. Let j(o) = -4*o + 1. Let q be j(0). Determine l(q).
-11
Let t = -6 - -5. Let i(o) = o + 1. Let l(y) = y**2 - y. Let v(q) = t*l(q) - 4*i(q). Calculate v(-3).
-4
Let o(j) = 6*j. Let z(n) = 7*n - 1. Let q(w) = -5*o(w) + 4*z(w). Let r be (-1)/2 + (-3)/6. Let s(v) = -1. Let b(h) = r*q(h) + 3*s(h). Give b(1).
3
Let n(b) = 3*b**2 + 5*b. Let u(y) = -y**2 - 2*y. Let r(d) = 2*n(d) + 5*u(d). Determine r(-1).
1
Let z be ((-528)/(-56))/((-2)/28). Let b be 4/14 - z/28. Let t(y) = -4*y**2 + 2*y + 1. Let h(r) = -5*r**2 + r + 1. Let s(w) = 3*h(w) - 4*t(w). Calculate s(b).
-1
Let a(f) be the first derivative of f**3/3 - 4*f**2 + 7*f + 2. Calculate a(7).
0
Let v = 1 - 1. Let c(x) = 26*x + 20*x - x**3 - 45*x - 6. Give c(v).
-6
Let b(o) = -6*o + 5*o - 3 + 0*o. Let i = -2 - 3. Determine b(i).
2
Let a = -88 - -87. Let o(n) = -5*n. Give o(a).
5
Let n(f) be the second derivative of -f**4/12 - 7*f**3/6 + 11*f**2/2 + 13*f - 1. Calculate n(-8).
3
Let t(d) = 2*d**3 + 2*d - 1. Let h be (-2)/(-3) + 9/27. Determine t(h).
3
Let f(d) = 2*d**2 - 5*d + 2. Let p be f(3). Suppose -5*s + 12 = -4*u - 4, -4*u = s - 8. Let n(h) = 6 + s*h**2 - 7*h - h**2 - 2*h**2. Determine n(p).
-4
Suppose -9 + 0 = 3*f. Let c(v) be the first derivative of v**2 + 4*v - 1. Calculate c(f).
-2
Let o be (-2 - 2/2) + 7. Suppose 5*k - k = o. Suppose 0 = -0*r + r + k. Let t(m) = 4*m. Give t(r).
-4
Suppose 3*v = 3*g - 27, 0*g + 10 = -5*v - 2*g. Let o be 4 + v - -4*1. Let w(m) = m**2 - m - 4. Give w(o).
8
Let o(r) be the third derivative of -r**5/60 + r**4/6 + r**3 - 14*r**2. Calculate o(5).
1
Suppose 0 = -q + 2*q + 10. Let v be q/(-25) - 4/10. Let w(m) = m**3 - m + 2. Calculate w(v).
2
Let j(i) = -6*i**2 + i**3 - 2 - i - 3 + 7. Give j(6).
-4
Let s be 1*5/(10/6). Let t(i) be the third derivative of 0 + 1/24*i**4 + 0*i + 1/3*i**s - 3*i**2. Determine t(-5).
-3
Let k(m) = -m - 6. Suppose 0 = -5*u + 89 + 1. Suppose -15*d - u = -12*d. Give k(d).
0
Let m(b) = -3*b**2 - 3 + 1 + 0 - 2*b - b**3 + 4*b. Let i be 0/(-1) + 4 + -2. Let k(v) = v**3 - 2*v**2 - 3*v + 3. Let l be k(i). What is m(l)?
-8
Let n be 6/(-9)*15/(-2). Suppose -1 - 1 = -f. Let k(j) = 5*j - 5. Let h(t) = -4*t + 5. Let m(u) = f*k(u) + 3*h(u). Determine m(n).
-5
Suppose k = 4*s + 2 + 4, s = -4*k + 7. Let h = 1 + 1. Let y(j) = 5*j**3 - h*j**3 + 3*j**3 + 1. Determine y(s).
-5
Let i be (-15)/(-20)*(-1 - 7). Let p(j) = -15*j**3 - 4*j**2 + 7*j. Let w(u) = 16*u**3 + 5*u**2 - 8*u. Let q(y) = i*w(y) - 7*p(y). Calculate q(-1).
-10
Let r be 3/1 + (-3 - 0). Let n(p) = -5*p + p**2 + 0*p + p + r*p - 3 + 2*p**3. Calculate n(-2).
-7
Let v(y) be the first derivative of -y**4/4 + y**3 + y**2/2 - y + 8. What is v(3)?
2
Let h(d) = d**2 + 3. Let n(j) = j**2 - j + 2. Suppose 4*y + 0 = 12. Let r(b) = y*n(b) - 2*h(b). What is r(3)?
0
Let c(w) = w**3 - 3*w**2 - w - 1. Suppose -3*n - 30 = -5*b - 5*n, 3*n - 15 = 0. Give c(b).
11
Let q(n) = 6*n**2 + 1. Let m be 1/3 - (-112)/24. Suppose -3*p + 8 = j, -3*p + m*j - 4 = 18. What is q(p)?
7
Let x(b) = -6*b + 8. Let a(u) = -5*u + 9. Let s(y) = 3*a(y) - 2*x(y). Let j(f) = 8*f - 32. Let o(m) = 4*j(m) + 11*s(m). Give o(-5).
-2
Let n(i) be the third derivative of -i**4/8 + 2*i**2. Let s(b) = b**3 + 26*b**2 - 2. Let r be s(-26). Determine n(r).
6
Let i be ((-3)/((-54)/(-24)))/(1/3). Let o(q) = 1. Let r(s) = s + 4. Let n(g) = 2*o(g) - r(g). Calculate n(i).
2
Let b(z) be the third derivative of -z**4/24 + z**3/3 - z**2. Let g be (0 - (-2 - -2)) + -3. Give b(g).
5
Suppose 5*g + 4 = f + g, 2 = f - 2*g. Let o(c) = 6*c**2 + 5 + f*c**2 - 3*c**2 - c**3 - 4 - c. Give o(2).
3
Let b(z) = z**3 - z**2 + 2*z - 3. Let k(i) = 2*i**3 - 3*i**2 + 4*i - 6. Let q(d) = 5*b(d) - 3*k(d). Determine q(4).
-5
Suppose 8*t - 3*t - 45 = 0. Let d = t + -10. Let u(w) = -w**3 + w**2 + 2*w + 1. Calculate u(d).
1
Let p(y) = -y**3 - 2*y**2 - y + 1. Let i(q) = -6*q**3 + 2*q**2 + 3*q + 3. Let t be i(-2). Let v = -80 + t. Let w be 6/v + 32/(-18). Calculate p(w).
3
Let m(q) be the second derivative of -3*q + 0 - 3/2*q**2 - 5/12*q**4 - 1/20*q**5 - 2/3*q**3. Let a = 0 - 2. Give m(a).
-7
Let m(k) be the third derivative of -7/6*k**3 - 1/15*k**5 + 1/120*k**6 - 4*k**2 + 0*k + 0 - 5/24*k**4. Determine m(5).
-7
Let d(b) = -b**3 - 7*b**2 - 4*b + 8. Suppose 6 = 2*m + 4*y - 2, 3*y - 9 = -m. What is d(m)?
-4
Suppose -3*i + 6 = 0, -3*n + 2 + 0 = -2*i. Let r be (-10)/(-4) + n/(-4). Let p(s) = r - s**2 - s + 3*s**2 - 1. What is p(1)?
2
Let d(w) = 11 + 14 - 28 - w + 0*w. Calculate d(-3).
0
Let x(w) = w**2 - 4*w + 1. Let o = -139 - -143. Calculate x(o).
1
Let j(u) = u + 1. Let f(r) = -17 - 23*r**3 + 3*r + 12*r**2 - 17*r + 24*r**3. Let w be f(-13). Give j(w).
-3
Let c(q) = q**3 + 5*q**2 + 5*q + 1. Suppose 7*d - 2*d = -70. Let p = d + 10. Determine c(p).
-3
Let y(h) be the third derivative of -5*h**4/24 - h**3/6 - 7*h**2. Give y(-2).
9
Let b(p) = 6*p - 4. Let o be 0 + (3 + -15)/(-3). Give b(o).
20
Let p(l) = -l + 12. Let d(z) = 3*z - 35. Let b(y) = 2*d(y) + 7*p(y). Calculate b(10).
4
Let a(q) = -2*q**3 - 2*q**2 + 1. Suppose 11 = -3*z + 14. Determine a(z).
-3
Suppose 13 = 3*m - 2*k, 0*m - 3*m + k + 8 = 0. Let d(g) = 2 + g + 3 - 3 - m. Calculate d(0).
1
Let i(k) be the third derivative of -k**4/24 + k**3/2 - 4*k**2. Let u(w) = w**2 - 6*w + 2. Let y be u(6). Determine i(y).
1
Let z(f) = f**3 + 3*f**2 - 3*f + 5. Let k be z(-4). Let u be 2/4*12/2. Let d(c) = 2 + u*c - 1 + 4*c + c. What is d(k)?
9
Let s(j) be the second derivative of -10*j**3/3 - j**2/2 + j. Determine s(1).
-21
Let x(y) = -y**2 - y. Suppose 0*s - 2*s + 2 = 0. Give x(s).
-2
Let r(z) be the third derivative of -z**5/60 - z**4/3 - 2*z**3/3 - 41*z**2. What is r(-8)?
-4
Let g(j) = j - 1. Suppose 0 = -2*o + 6*o. Suppose o = l - 6 + 3. Calculate g(l).
2
Let f(s) be the first derivative of s**3/3 + 3*s**2 + 7*s - 50. What is f(-6)?
7
Let j = -17 + 3. Let l be (-2)/(-9) - j/18. Let i = -1 - l. Let u(f) = 6*f + 3. Give u(i).
-9
Suppose 5*j = 3*j + 48. Suppose -2*d - 2*d - j = 0. Let s be (4/d)/((-6)/(-27)). Let a(k) = -k**3 - 4*k**2 + 3. Calculate a(s).
-6
Let z(y) = 4*y + 2. Suppose -3*q - x = -8*q - 15, x = 0. What is z(q)?
-10
Let x(r) = 5*r**3 + r**2 - r + 1. Let y be x(1). Let i = -10 + y. Let g(t) = -3*t - 8. Let f(v) = -6*v - 15. Let s(k) = -3*f(k) + 5*g(k). What is s(i)?
-7
Let k(a) be the first derivative of a**5/20 + 2*a**4/3 - 3*a**2/2 + 6*a + 4. Let o(w) be the first derivative of k(w). Give o(-8).
-3
Let y(l) be the second derivative of -l**8/6720 - l**7/840 - l**5/120 + l**4/6 + 2*l. Let u(d) be the third derivative of y(d). Determine u(-3).
-1
Let k(g) = -g**2 + 5*g - 5. Let c(b) = 5*b**2 + b. Let t(d) = d - 9. Let s be t(8). Let j be c(s). What is k(j)?
-1
Suppose -3*v + 6*v - 18 = 3*m, -3*v + 10 = m. Suppose 0 = -2*i + i - v. Let a(t) = 2*t**2 + 6*t + 4. Give a(i).
12
Let n be 2/(5/(45/6)). Let v(f) = 9*f**3 - 3 + f**2 + n. What is v(-1)?
-8
Let d(o) = -2*o - 3. Let w be d(0). Let v(r) = r + 1. What is v(w)?
-2
Let x be 0 + (-3)/(-3)*2. Suppose 2*a - 1 = x*i + 3, 5*a - 12 = 4*i. Let o(j) = 2*j - 6. Calculate o(a).
2
Let z(g) = -g - 6. Suppose -5*c + 44 = 2*u - 6*u, c = 4*u + 28. Give z(u).
0
Let v(n) = 3 + 6*n**2 - n**3 + 2*n**2 + 6*n**2 - 23*n**2. Give v(-9).
3
Suppose 0*a = 4*a + 20, -3*w - 4*a = 29. Let d(t) = -t**3 - 3*t**2 + 2*t + 4. Give d(w).
-2
Let p = -11 - -6. Let x(a) = a**2 + a + 4. Let w(i) = i - 1. Let s(c) = -5*w(c) - x(c). Determine s(p).
6
Let b(t) be the second derivative of -t**4/12 - 7*t**2/2 + 2*t. Give b(0).
-7
Suppose 4*v = v. Suppose 7*b = 3*b - 20. Let g = b - v. Let k(j) = -j**2 - 5*j - 6. Determine k(g).
-6
Let r(g) = -g**3 - 4*g**2 - g. Suppose -2*p = 5*l - 6*l + 19, p + 5 